(g) = g**2 + 7*g - 17. Let y be s(12). Let a = y - 57. What is the tens digit of a?
5
Let a(r) = 7*r**2 + 18. What is the tens digit of a(-3)?
8
Suppose 2*t + 5*x - 25 = 2*x, 2*t - 2*x - 20 = 0. Let a = -18 + t. What is the units digit of (-12)/(-42) + (-82)/a?
2
Let a be 1*(-1 + (-1 - -3)). Let i(s) = s**2 + 3 + 12 + 1 - a. What is the units digit of i(0)?
5
Let q(n) = 3*n - 7. Let c be q(4). Let g = c - 6. Let w = 25 + g. What is the tens digit of w?
2
Let i = 2249 - -375. What is the tens digit of i?
2
Suppose -360*a + 359*a - 1631 = -2*z, 0 = -2*z - 2*a + 1622. What is the tens digit of z?
1
Let h = 38 + -35. Suppose -2*k + 150 = 5*g + k, -h*k + 90 = 3*g. What is the units digit of g?
0
What is the units digit of 4/3 + (10 - 24089/(-39))?
9
Suppose -16*d + 2808 = -6744. What is the hundreds digit of d?
5
Let a be 2*1/4*-10. Let x = a + 7. Suppose -x*n = 21 - 59. What is the units digit of n?
9
Let n(z) = -z**2 - z + 39. Suppose 2*j - j = 2. Suppose 0 = 3*m + j*m. What is the units digit of n(m)?
9
Let v be 3 - (-4 + 3)*-8. Let r = -7 - v. What is the tens digit of (r/(-3))/(1/24)?
1
Suppose -3*h + 1 + 8 = 0, 5*f - h - 7 = 0. Suppose 0*w = -w - f. What is the units digit of -2*w*(2 + -1)?
4
Let q = 316 + -6. What is the units digit of q?
0
Let r = 8811 + -4923. What is the hundreds digit of r?
8
Let o be (-93)/(-12) + 1/4. Suppose 0 = -5*a + 104 - 59. Let m = o + a. What is the units digit of m?
7
Let d be 19*3*76/4. Suppose -d = -7*u - 89. What is the hundreds digit of u?
1
Let x(s) = -s**2 + 4*s + 5. Let b be x(5). Suppose 3*c - 3*k - 63 = b, 4*c + k + 3*k = 44. Suppose 0 = -2*m - 0*m + c. What is the units digit of m?
8
Let f = 20 - 18. Suppose 0 = f*m - 3*k - 16, m + 5*k + 20 = 3*m. Suppose m*q - 2 - 3 = 0. What is the units digit of q?
1
Suppose 0*m + 6656 = 4*b - 3*m, -5*b - 2*m = -8343. What is the hundreds digit of b?
6
Let q(r) = 21*r**3 + r - 1. Let h be q(1). Suppose 4*g - h = -7*p + 2*p, -2*g + 13 = 5*p. Suppose -75 = -g*w - w. What is the units digit of w?
5
Let f be 2/(-8) - 30/(-24) - -2. Suppose -3*z = 3*t - 240, -f*t = 4*z - 39 - 197. What is the tens digit of t?
8
Let p = 786 - 462. What is the units digit of p?
4
Let m be (0 - 28/7)/(2/14). Let v = m + 40. What is the units digit of v?
2
Let o(u) = -3*u**3 + 23*u**2 + 5*u + 4. Let p be o(7). Suppose c = -t + p, 3*t - 2*t = -1. What is the hundreds digit of c?
1
What is the tens digit of (11/(198/(-1845)))/(1/(-4))?
1
Suppose 0 = 2*z - s - 316, 99 = -2*z - s + 411. Let p = z - -122. What is the units digit of p?
9
Let k be (-99)/22*(-4 + 2). What is the hundreds digit of (75 + -1 - 2)*k/4?
1
Let f = 41 + 47. Suppose 8*t = 1296 + f. What is the tens digit of t?
7
Let h be 20/(-6) - 36/54. Let a = 191 + h. What is the hundreds digit of a?
1
Suppose 0 = 3*r - 13 + 13. What is the units digit of (-62 - r)*((-15)/(-6) + -3)?
1
Let k = 1 - -1. Let x = -12 + 9. What is the units digit of ((-72)/27)/(k/x)?
4
Let j = 101 + -64. Let h = -28 + j. What is the units digit of h?
9
Let b = 116 - 47. Let z = b + 61. What is the tens digit of z?
3
Suppose 220 = -j + 5*j. What is the tens digit of (-3)/1 - j*(-6 - -5)?
5
Suppose 0 = 5*g - u - 297 + 79, -3*u = 9. Suppose -5 = -2*b - 2*k + 21, -4*b - k = -g. What is the tens digit of b?
1
Let i(y) = 12*y**2 - 15*y - 95. What is the units digit of i(12)?
3
Let p(r) = -r**3 - 23*r**2 + 17*r + 48. What is the units digit of p(-27)?
5
Let m(p) = -p**3 + 20*p**2 + 30*p - 2. What is the hundreds digit of m(14)?
5
Let x = 9 + -5. Suppose -x*d + 34 = 2. Suppose -d*q + 4*q = -208. What is the tens digit of q?
5
Let o be 0 + 0 - -137 - 0. Suppose 0 = 3*z - 64 - o. What is the tens digit of z?
6
Let y(l) = -5*l - 51. Let w be y(-9). What is the units digit of ((-783)/w)/((-36)/16 - -3)?
4
What is the thousands digit of (16002/12 + -1)*2?
2
Let w(v) be the first derivative of v**3/3 - 12. Let t be w(-2). Suppose 5*s = -25, -t*x = -9*x + s + 395. What is the tens digit of x?
7
Let w(o) = 12*o + 4. Suppose 8 = 4*h - 4. What is the units digit of w(h)?
0
Suppose -2*w + 0 = -2, 2*u - 4*w = 0. Suppose 6*t = u*t + 1136. What is the units digit of t?
4
What is the hundreds digit of (1 + 31 + -10)*151?
3
Suppose 4*c = 0, 3*o - 7*o - 3*c = -4. Suppose -7 = -3*p - o. Suppose -p*u + a + 12 = 0, -a + 15 = 5*u + 4*a. What is the units digit of u?
5
Suppose -30*t = 6*t - 134244. What is the hundreds digit of t?
7
Let u(t) = 56*t**3 + 4*t**2 + 2*t - 2. What is the units digit of u(1)?
0
Suppose -19824 = -545*a + 537*a. What is the thousands digit of a?
2
Let d(z) = -4*z**2 - 2*z + 3. Let f be d(2). Let r = 1 + f. What is the units digit of 4*r/(-12)*3?
6
Let x be 8/3*3/(-2). Let u(l) = -3*l + 3. What is the units digit of u(x)?
5
Let z(x) = -x**3 - 6*x**2 - 6*x + 1. Let k be z(-5). Let m = 6 - k. Suppose m = 4*h - 2*h - 6. What is the units digit of h?
3
Let a = 61 + -56. Suppose z + a*z = 240. What is the units digit of z?
0
Suppose -1203*q + 1199*q = -928. What is the tens digit of q?
3
Let y(d) be the second derivative of d**3/6 + 21*d**2 - 8*d. What is the units digit of y(-18)?
4
Suppose 119 = 2*n - 257. What is the tens digit of n?
8
Suppose -7*x = -2*x - 10. Suppose 0 = -x*f + 4*f - 66. What is the tens digit of f?
3
Suppose 39 = -4*s + 7. Let k(l) = 2*l**2 + 10*l - 10. Let b be k(s). Suppose 12 = 5*w - b. What is the tens digit of w?
1
Let d = -608 - -1236. What is the hundreds digit of d?
6
Let z(l) = l**3 + 2*l**2 - l - 2. Let x be z(3). Suppose -3*t + 116 + x = 0. What is the tens digit of t?
5
Suppose 1207 + 1675 = 2*b + 2*h, 4*b + 2*h = 5770. What is the thousands digit of b?
1
Let r be 4*(0 - (-4)/8). Suppose -r = -p + 54. What is the units digit of p?
6
Suppose -408 = 134*r - 138*r. Suppose 4*a = l - 3*l + 252, -5*a - 4*l = -321. Let n = r - a. What is the tens digit of n?
4
Let y = -39 - -26. Let i(v) = -v**2 - 18*v + 18. What is the tens digit of i(y)?
8
Suppose u + 180 = -4*u. Let a be 108 + ((-4)/(-1) - 3). Let q = u + a. What is the tens digit of q?
7
Suppose 3*q - 2*h + 12 = 0, -3*h - 21 = 4*q - 5. Suppose 0 = 2*s - 2. What is the tens digit of (q + 1 + 33)*s?
3
Let a be (0 - 5)*4/(-10). Suppose -3*j = -2*c + 7*c - 57, 0 = j - a*c - 30. Suppose -j*o + 23*o = -11. What is the units digit of o?
1
Suppose -5*g - 1204 = -3*k, -2*k - 3*g + 5*g = -808. What is the units digit of k?
8
Suppose 27*p = -4*m + 23*p + 4540, -3*m = -5*p - 3437. What is the tens digit of m?
3
Let t = 34 + -21. Suppose 7 + t = 5*d. Suppose 0 = d*n - 2 - 86. What is the tens digit of n?
2
Let f be (2/5)/(5/25). Suppose f*g + g - 6 = 0. Suppose -z + 19 = s + s, -4*s = -g*z + 62. What is the tens digit of z?
2
Let i(t) = 81*t + 1056. What is the tens digit of i(28)?
2
What is the units digit of 117 - (-1 - 6/(-12)*-2)?
9
Suppose z = -5*x - 65, -2*z + 0*z = -x + 119. Let j = -15 - z. What is the tens digit of j?
4
Let a = -9 - -7. Let l(j) = -3 + j**2 + 3 + 1. What is the units digit of l(a)?
5
Let c(o) = 13*o**3 - 44*o + 117. What is the thousands digit of c(5)?
1
Suppose 0 = 10*q - 906 - 4854. What is the hundreds digit of q?
5
Let g(m) = -308*m + 2. Let t be g(-1). Suppose -5*y + t = 3*h, -79 = y - 2*y - 4*h. What is the units digit of y?
9
Suppose -3*i + 4*s = -8*i + 772, 0 = -3*i - 5*s + 458. What is the tens digit of i?
5
Let q be (13/3)/(5/15). Let x = 18 - 17. Let o = q + x. What is the units digit of o?
4
Suppose -4*a = -4*y - 20596, 2*a + 6*y - 10298 = 3*y. What is the tens digit of a?
4
Suppose 14*s - 5616 = -4*s. What is the tens digit of s?
1
Suppose 149*a + 2990 = 154*a. What is the tens digit of a?
9
Let i = -241 + 383. What is the units digit of i?
2
Let j = 28 + -16. Let w be (-150)/(-45)*j/(-10). Let x = w - -5. What is the units digit of x?
1
Let u = 3233 - 2143. What is the thousands digit of u?
1
Suppose -2*q = 2*v - 1974, -3*v - 995 = -4*v - 5*q. What is the units digit of v?
5
Let r(y) = y - 1. Let m be r(1). Suppose -4*j + 16 + 8 = m. What is the units digit of 2/j*54/2?
9
Let z(b) = 96*b**2 - 21 - 18 + 40 + 49*b**2 + 2*b. What is the tens digit of z(-1)?
4
Let s(l) = -l**3 - 19*l**2 - 20*l - 3. Let p be s(-18). Let b = -33 + p. Suppose -m + 16 + 9 = b. What is the tens digit of m?
2
Suppose 3*p + 98 = -u, 123 = -4*u + 5*p - 218. Let m = u - -104. What is